he prime factors of z.
13, 109
Let u be (-1 - -2) + 4 + 0. Suppose -u*t = -t - 124. What are the prime factors of t?
31
Let q(j) = -j**3 + 9*j**2 + 24*j + 83. What are the prime factors of q(-9)?
5, 53
Suppose -4*z + 0*n = -4*n - 72, -4*z = 2*n - 60. What are the prime factors of ((-153)/12)/((-6)/z)?
2, 17
List the prime factors of -34 - -39 - (0 + -2582 + 2).
5, 11, 47
Let g = 182 + -18. Suppose g = -4*j + 520. What are the prime factors of j?
89
Suppose 0 = 4*m - 6 - 22. Suppose -5*s = -m - 8. Suppose 0 = -s*h + h + 136. List the prime factors of h.
2, 17
Let m = 1484 - 763. Suppose -8*u - m = -73. Let s = -21 - u. What are the prime factors of s?
2, 3, 5
Suppose 0 = 3*y + 3*g - 0*g + 33, -2*y - 23 = 3*g. List the prime factors of (-68255)/(-275) + 2/y*1.
2, 31
Let l = -130 + -184. Let p = l + 502. List the prime factors of p.
2, 47
Suppose -4 + 10 = 3*m. Suppose 0*f - f = -m. Suppose -4*k + 4*b + 64 = 0, -b - f = -2*k - 5*b. What are the prime factors of k?
11
Let p(d) = -4 + 20*d + 0 + 33*d + 17. What are the prime factors of p(5)?
2, 139
Suppose -3*l - 3730 = 2*l - d, -1492 = 2*l + d. What are the prime factors of l/(-10) - 4/(-10)?
3, 5
Let q(f) = f**3 - 8*f**2 + 2*f + 4. Let x be q(8). Let j = -9 + 13. Suppose 116 - x = j*t. What are the prime factors of t?
2, 3
Let w = 52 + -48. Let m(s) be the second derivative of s**3/6 + s**2 + 2*s. What are the prime factors of m(w)?
2, 3
Let v = -132 + 783. List the prime factors of v.
3, 7, 31
Let u be (50/(-30))/(1/(-18)). Suppose 0*x + 4*h = 4*x + 36, 4*x = -2*h - u. List the prime factors of (-6)/x - (-325)/20.
17
Let q = -117 + 133. Suppose -25*c + q*c + 1224 = 0. List the prime factors of c.
2, 17
Let d = 1408 + -308. List the prime factors of d.
2, 5, 11
Suppose 0 = 2*p - 5*w + 3*w - 964, 5*p = -5*w + 2460. What are the prime factors of p?
487
Suppose 4*d - 3174 = -2*w, 2379 = 4*d - d + 3*w. What are the prime factors of d?
2, 397
Let w be -2 - -2 - 27/(-1). Suppose 28*i - w*i + 3 = 0. Let h = 20 + i. List the prime factors of h.
17
Let y = 16 - 14. Let n(q) = q**2 + y - 3 + 2*q**2 + 0*q - q. What are the prime factors of n(2)?
3
Let u(t) = -t**3 + 7*t**2 + 7*t - 21. Let o be u(9). Let h = 132 - o. List the prime factors of h.
2, 3, 7
Let s = -118 - -121. Suppose -1397 = -14*l + s*l. List the prime factors of l.
127
Let n = 4153 + -779. List the prime factors of n.
2, 7, 241
Let t be (1/2)/(12/120). Suppose -5*q + 2*q = -6. Suppose t*a - q*a = 126. List the prime factors of a.
2, 3, 7
Let w(f) = f**2 - f + 1. Let b be w(2). What are the prime factors of (-41)/((b/(-8))/3)?
2, 41
Let g(n) = -n**3 - 38*n**2 - 45*n - 8. What are the prime factors of g(-38)?
2, 23, 37
Suppose 0 = -5*b + 10*b - 90. Let g = 18 - b. Suppose g = 3*l - l - 8. List the prime factors of l.
2
Suppose 8 = 2*s - 18. Let i(d) = 2*d**2 - 7*d + 30. List the prime factors of i(s).
277
Let g = 29 - 41. Let o = 14 + g. Let n(y) = 9*y + 2. What are the prime factors of n(o)?
2, 5
Suppose 3*t - 8*c + 13*c = -529, 707 = -4*t - 5*c. Let q = -117 + -8. Let s = q - t. What are the prime factors of s?
53
Let z = -70 - -73. Suppose -2*u + 5*u - 111 = -z*w, -w + 74 = 2*u. List the prime factors of u.
37
Let o(r) = -r**2 + 32*r + 47. Let q be ((-162)/30)/((-2)/10). What are the prime factors of o(q)?
2, 7, 13
Suppose 0 = 5*t - 5*p + 435, -7*t + 2*p = -2*t + 435. What are the prime factors of t*1*(-3)/3?
3, 29
Suppose -15 = -4*l - 3. Let c be (-2)/l + (-1204)/(-42). Let y = c + -15. List the prime factors of y.
13
Let w(h) = -8 - 10 + 12*h - 8 + 9. What are the prime factors of w(7)?
67
Let m = 998 - -251. What are the prime factors of m?
1249
Let b = 467 - 25. What are the prime factors of b?
2, 13, 17
Suppose 0 = -5*i - 2*x + 101, 0 = 5*i + x - 6*x - 80. Suppose 2*c - 2*b = 134, 2*c - 158 = b - i. List the prime factors of c.
2, 3
Suppose m - 5 = -4*j, 5*m + 4*j - 11 = -2. What are the prime factors of m/3 - 203/(-21)?
2, 5
What are the prime factors of ((-240)/90)/(1/192*-1)?
2
Let b be (-8)/28 - (-92)/28. Suppose b*n - 6 - 33 = 0. Let s(l) = -l**2 + 13*l + 12. List the prime factors of s(n).
2, 3
Let x(a) = a**3 - 2*a**2 - 7*a + 3. Let u be x(4). Let z(k) = k**3 - 6*k**2 - 8*k + 13. List the prime factors of z(u).
2, 3
Suppose 24 = 4*w + 40. Let u(c) = -2*c**3 - 4*c**2 + 4*c + 3. What are the prime factors of u(w)?
3, 17
Let r be (-4)/(-16)*4 - -27. Suppose 5*a - r - 22 = 0. What are the prime factors of a?
2, 5
Let m = -88 - -90. List the prime factors of 58 - ((-1 - m) + -2 + 2).
61
Let u = -1 + 4. Suppose x - 15 = -u*l, -2*x - l = x - 13. Suppose -3*k + 124 = -0*k - 4*a, k - x*a = 38. What are the prime factors of k?
2, 11
Let h(j) = 4*j**2 + 35*j + 132. What are the prime factors of h(-27)?
3, 701
Let s be (240/(-28))/(3/(-21)). Suppose o - 4*o = -a + 12, 3*o = -5*a + s. List the prime factors of a.
2, 3
Suppose -19*m + 20*m + 1 = 0. List the prime factors of 9/3 - (-85 + m).
89
Let i = 7 + -4. Suppose j + i*u - 3 = 0, -3*j + 5*u = -9 - 0. Suppose -j*c + 79 = -5. List the prime factors of c.
2, 7
Suppose 18 - 2 = -4*c. Let v(z) = 2*z - 7 - 14*z - 8*z + 6*z. List the prime factors of v(c).
7
Suppose 2*v - 677 = -s, 4*v - 2*s - 1319 = 3*s. What are the prime factors of v?
2, 3, 7
Suppose 0 = k + a + 7, 5*k + 0*a + a = -35. Let m = k - -29. List the prime factors of 55/m*156/10.
3, 13
Suppose -120 = -3*d + 6*d. Let g be 154/16 + (-15)/d. Let b = 28 - g. List the prime factors of b.
2, 3
Let v = -3131 - -5514. List the prime factors of v.
2383
Let u(r) = 5*r + 38. List the prime factors of u(6).
2, 17
Let q(m) = -3*m - 1. Let n be q(-1). Let v(k) = 7*k**2 - 2*k + 1. Let x be v(n). Suppose -4*l - 3*j = -31, 3*l + 2*l = -j + x. What are the prime factors of l?
2
Suppose -c + 5*s - 392 = -4*c, -5*c + s + 672 = 0. What are the prime factors of c?
2, 67
Suppose 10*h = h + 2511. Let t = -46 + h. What are the prime factors of t?
233
Suppose 0 = 4*p + 12, -3*f + 0*p = -4*p - 2985. List the prime factors of f.
991
Let h = 9 + -5. Suppose 2*m + 3*m = 4*k + 198, -h*m = -4*k - 160. Suppose -6 = -t - 2*w + 1, 4*t - 2*w = m. What are the prime factors of t?
3
List the prime factors of -1 + 2 - (-345 - (-8)/(-4)).
2, 3, 29
Suppose 0 = -z + 42 - 37. Suppose -8 = -z*r + 12, 5*i - r - 531 = 0. List the prime factors of i.
107
Suppose 4*k + 11 = -w, 2*k + 8*w = 12*w - 10. List the prime factors of (k + 10 + -3)/(10/285).
2, 3, 19
Let v(m) = 8*m - 2. Let g be -4 + -1 - (-3 - -1). Let y be v(g). Let x = y + 63. List the prime factors of x.
37
What are the prime factors of 4 - (3472/(-5) + 9/(-15))?
3, 233
List the prime factors of 28/(-8)*6*1280/(-24).
2, 5, 7
Let h = -5 - -9. Let o be (-2)/(-4)*(0 - 0). Suppose -3*l + 78 = -o*l - h*t, -l + 26 = 3*t. What are the prime factors of l?
2, 13
Suppose -7*a + 9*a - 648 = 0. Let m = -214 + a. List the prime factors of m.
2, 5, 11
What are the prime factors of ((-1)/(3*4/(-6276)))/1?
523
Let o(l) = 68*l**3 - l**2 + 7*l - 13. List the prime factors of o(2).
541
Let y = 197 - -309. Let s be y/7 - (-22)/(-77). Suppose -j - 4*n = -3, 4*j + n = -3*n + s. List the prime factors of j.
23
Let q be (-366)/42 + 4/(-14). Let v be (-3 - -4)*1 - q. Suppose 0*n = n + 2*b - v, -3*b + 16 = 2*n. List the prime factors of n.
2
Let v be 2/8*0 - -5. Suppose 395 = v*g + 45. What are the prime factors of g?
2, 5, 7
Let b(g) be the second derivative of -g**4/12 + 5*g**3/2 + 7*g**2 - 33*g. List the prime factors of b(13).
2, 5
Suppose -5*n = 5*d - 4*d - 578, -1165 = -2*d - n. What are the prime factors of d?
11, 53
Let t(d) = -9*d + 5. Suppose 4 = 4*r - 12. Suppose 5*m - r*m + 3 = 0. What are the prime factors of t(m)?
2
Let r(d) = -2*d - 18. Let q be r(0). Let o be (-30)/q + (-4)/6. What are the prime factors of 242/4 + o/(-2)?
2, 3, 5
Let m be -14*1/(-4) + (-6)/(-4). Suppose -m*b + 790 = s, -s + 40 = 2*b - 273. What are the prime factors of b?
3, 53
Suppose -2 = -4*m - 10. What are the prime factors of ((-39)/m)/(3/6)?
3, 13
Let j be (3/6)/(2*(-4)/(-48)). Let g = 82 - j. What are the prime factors of g?
79
Suppose 0 = -3*d + 2*y + 8, -3*d + 2 = 4*y - 0*y. Suppose 0 = 3*f - d - 19. Let g(j) = 3*j - 1. What are the prime factors of g(f)?
2, 5
Let x(f) = 2*f - 1. Let v(c) = -2*c + 2. Let m(b) = -3*v(b) - 2*x(b). Let j be m(12). Li